ppose -6 - 84 = -j*d. Calculate the greatest common factor of a and d.
6
Let g(p) = -5 - 24*p + 5 - 4. Let q be g(-3). Calculate the highest common factor of q and 170.
34
Let q = 1 + 4. Suppose 0*b + 5*n = -b + 39, 2*b = 5*n + 18. Let j = q + b. Calculate the greatest common divisor of 96 and j.
24
Let d = 215 - 364. Let b be 3 + d*(-3)/(-3). Let g = -27 - b. Calculate the greatest common divisor of g and 17.
17
Let h be 2/6 + 40/6. Suppose 0 = 2*k - 11 - h. Suppose -13*z - 13*z + 936 = 0. What is the highest common divisor of k and z?
9
Suppose 30 + 5 = 7*s. Let m be (-34 - 2)*s/(-20). What is the highest common divisor of 36 and m?
9
Let d = -770 + 780. What is the highest common factor of 105 and d?
5
Let t(i) = -i - 3. Let u be t(-7). Let z be 363/44 + (-1)/u. Calculate the highest common factor of z and 8.
8
Let p = 319 + -311. What is the highest common divisor of 220 and p?
4
Suppose 5*v = 2*q - 595, -3*v = 4*q + 255 + 102. Let s = -515 - -348. Let t = v - s. What is the highest common divisor of 6 and t?
6
Let v be (8/(-44))/((-8)/44) + 132. Calculate the highest common divisor of v and 57.
19
Suppose -4*v = -4*p + 40, 0 = 3*v - 0*v - 9. Suppose -390 = 8*a - 1118. Calculate the greatest common divisor of a and p.
13
Suppose 2*i + 2*j - 26 = 0, -2*i + 36 = 4*j + 8. What is the greatest common divisor of 3 and i?
3
Suppose -11*s + 1983 = 1917. Let h(y) = y - 2. Let u be h(8). What is the greatest common divisor of u and s?
6
Suppose 4 = -3*g - 2. Let n be (g - -6)*165/12. What is the greatest common factor of 22 and n?
11
Suppose 4*c + 5*g - 949 = 0, 3*c = -3*g + 133 + 575. Let i be (4 + -3 + 78/(-4))*2. Let a = i + 58. What is the highest common factor of a and c?
21
Let p = -83 - -510. What is the highest common divisor of 244 and p?
61
Suppose -5*p + 8*p = 33. Calculate the highest common divisor of 44 and p.
11
Suppose 246 = 2*w - 2*u - 330, 2*w - u - 580 = 0. What is the greatest common divisor of 73 and w?
73
Suppose 3*q - 5*s = 97 + 62, 0 = 2*q - 4*s - 108. Let o(t) = 5*t + 2. Let v be o(2). What is the highest common divisor of v and q?
12
Suppose -o + 52 = 3*c, 5*o = 4*c - 26 - 56. Suppose 5*a - 196 = a - 5*x, 2*a - 96 = -3*x. Calculate the highest common factor of c and a.
18
Suppose 0 = -3*t - 0*t + 180. Suppose 0*a - i + 56 = 3*a, -3*a = -3*i - t. What is the greatest common factor of a and 1?
1
Suppose 5*o + 20 = 0, -5*w + 20*o + 22 = 22*o. Calculate the greatest common divisor of w and 24.
6
Let z(y) = 3*y**2 - 4*y - 2. Let t be z(-6). What is the greatest common divisor of t and 52?
26
Suppose -8 - 8 = -4*g. Suppose 3*j - g*y = 129 + 89, -5*j - 2*y + 346 = 0. Let m = -8 + 36. Calculate the highest common divisor of m and j.
14
Suppose -2*b + 5*n - 47 = -5*b, 3*n - 21 = -b. What is the highest common factor of 9 and b?
9
Let q be (-150)/10*-1*32. What is the highest common divisor of q and 30?
30
Suppose -2*p + 897 = f - 0*f, 912 = 2*p - 4*f. What is the highest common divisor of p and 18?
18
Suppose 2*j + 49 = 5*q, 4*q + 11 = 5*q - j. Suppose 2*m - 78 - 30 = 0. What is the greatest common divisor of m and q?
9
Let u(b) = b**3 + 11*b**2 + 14*b - 6. Let n be (-1)/5 + (-435)/75. Let x be u(n). What is the highest common factor of x and 10?
10
Let j(p) = -17*p - 1. Suppose -k - 4*k = 5. Let o be j(k). Let i = -270 - -398. What is the greatest common factor of o and i?
16
Suppose 5*n - 301 = 3*n - 3*f, 3*n + 4*f - 450 = 0. Let v = n - 101. Suppose -3 + 12 = m. What is the highest common factor of m and v?
9
Suppose -l = -2*i - 26, 3*i + 80 = 4*l - 49. Let v be (-1 - 30/3)*-36. Calculate the highest common factor of v and l.
36
Suppose 3*b - 8 = -r - 0*b, 14 = 3*r + 4*b. Suppose -y = 2*o, 2*y - 3*o - 22 = -r*y. Calculate the highest common divisor of 44 and y.
4
Suppose -32*v + 30*v + 18 = 0. What is the highest common factor of v and 3?
3
Let z be 195 - ((-27)/9 - -9). What is the greatest common divisor of 105 and z?
21
Suppose 4*f = 3*n - 82, 0 = -5*n - 4*f - 71 + 229. Let l(r) = r + 1. Let b be (-4)/6*(-15)/2. Let o be l(b). Calculate the greatest common factor of o and n.
6
Let s(i) = 19*i - 313. Let b be s(17). What is the greatest common factor of 505 and b?
5
Let g(w) be the second derivative of -w**4/12 + w**3 - 3*w**2/2 - 2*w. Let a be g(3). Let y be (-4)/a*(-231)/7. Calculate the highest common factor of y and 88.
22
Let y = 216 + 276. What is the greatest common factor of y and 60?
12
Suppose -2*p - 2 = z - 70, -5*z - 122 = -4*p. Let v = -1033 + 2011. Suppose 5*b + p - v = 0. What is the highest common factor of 27 and b?
27
Suppose 3 = -n - 4*u + 3*u, -5*n + 3*u = -9. Suppose -1160 = -5*w + 3*l, n = -l - 2 + 7. What is the greatest common divisor of 47 and w?
47
Suppose 0 = -s + 4*h - 7, -3*s = 2*h - 7. Let o be 12/30*15/(s - -2). What is the highest common factor of 22 and o?
2
Suppose -5*l = -6*i + 2*i - 25942, 3*l - 15576 = -3*i. Calculate the greatest common divisor of 30 and l.
30
Let g(t) = t**3 + 7*t**2 + t + 10. Let r be g(-7). Suppose -5 = r*f - 4*f. Suppose 0 = f*j - 152 - 98. What is the highest common divisor of 10 and j?
10
Suppose -28*i = -51*i + 69. What is the greatest common divisor of 13 and i?
1
Let k = -16 - 26. Let z = k + 77. Calculate the highest common factor of 385 and z.
35
Let d(m) = 19*m**2 + m - 41. Let g be d(4). What is the highest common divisor of 445 and g?
89
Let l be 170/6 - 6/18. Let p = l + 302. Calculate the highest common divisor of 30 and p.
30
Let s(r) = 323*r**2 + 31*r + 5. Let w be s(-2). Calculate the greatest common factor of w and 95.
95
Suppose 4*o - 5*o = -c + 8, -4*o - 23 = -3*c. Suppose 5*s - c*s + 44 = 0. Let q be (-66)/2*(-37)/111. What is the greatest common divisor of q and s?
11
Let y = 22 + -22. Suppose -3*a = y, 5*t - 2*a + 4 = 9. Suppose -b - w = -6, 2*w + 2*w = -2*b + 10. Calculate the highest common factor of t and b.
1
Let a = -48 - -50. Let y = a - -4. Let b be 71 + -3 + -1 + -1. What is the greatest common factor of y and b?
6
Suppose 0*d = 2*a + d - 2043, -4*a + 4089 = d. What is the highest common divisor of a and 372?
93
Suppose 42*w + 96 = 74*w. Let d(i) = -2 - 1 + 2*i + 2 + i**2. Let n be d(w). Calculate the greatest common divisor of n and 112.
14
Let a be ((-130)/(-52))/(1/2). Calculate the highest common factor of 80 and a.
5
Let u = 19 - 39. Let n = 43 + u. Suppose 5*l - n - 152 = 5*a, -105 = -4*l - 3*a. Calculate the greatest common divisor of l and 75.
15
Suppose 43 = 5*n + 13. Let v be n/(-18)*1*-3. Suppose -4*y + 2*a + 52 = 2, v = -a. What is the greatest common divisor of y and 3?
3
Let o(m) = 8*m**2 + 14*m + 5. Let j be o(7). What is the greatest common divisor of j and 55?
55
Let h = 3 + 2. Suppose 0*j - 4*o = -h*j - 435, 0 = 3*j - 3*o + 261. Let g be j/(-3) + -2 + -2. What is the highest common factor of 25 and g?
25
Let a = 463 + -216. Calculate the highest common factor of 38 and a.
19
Let x be -2*1/8*0. Suppose 0 = -5*c - x*c + 100. Calculate the highest common divisor of c and 60.
20
Let h be 3 + (1 - 4) - -15. What is the greatest common factor of 60 and h?
15
Suppose 11*z + 329 = 483. What is the highest common divisor of z and 28?
14
Let q be 6/4 - 3822/(-52). Let o be (-1)/(1/(-32)) - 2. Calculate the greatest common divisor of q and o.
15
Let f(m) = 42*m**2 - 2*m + 3. Let g be f(-2). Calculate the greatest common factor of g and 25.
25
Suppose 3*p = 0, 8*p + 460 = g + 3*p. What is the greatest common factor of 20 and g?
20
Let c = 363 - 338. What is the highest common divisor of 160 and c?
5
Let t(b) = -b**2 - 10*b - 5. Let v(u) = -u**2 - 6*u - 2. Let s be v(-7). Let w be t(s). Calculate the highest common factor of w and 28.
4
Let p(d) = -d - 6. Let r be p(-11). Suppose -4*z - w = -r*w - 816, -15 = -3*w. What is the greatest common factor of 19 and z?
19
Let a be 5*((-3)/30*-54 + -3). Suppose -a*z = z - 130. What is the highest common factor of z and 10?
10
Suppose 0 = -9*h + h + 312. Calculate the greatest common factor of 13 and h.
13
Let s(i) = -i**3 + 13*i**2 + 3*i + 2. Let k be s(13). Calculate the highest common factor of 287 and k.
41
Suppose 7*p + 82 - 376 = 0. What is the greatest common factor of p and 24?
6
Let p be (-1 - 7)/4*-1. Suppose -3*t = p*t - 675. Let h be ((-144)/20)/(2/(-15)). What is the highest co